e8a?
-1d06
In base 15, what is -36b - 7a1?
-b1c
In base 15, what is cb + 27e0?
28bb
In base 5, what is -10 + -14334142?
-14334202
In base 8, what is 3 + 3163?
3166
In base 11, what is 8 + -2?
6
In base 4, what is -11 - -12020212?
12020201
In base 14, what is 0 - 35d?
-35d
In base 15, what is 1576 + -6?
1570
In base 3, what is 101202 + 1201?
110110
In base 2, what is -100000011 + 100101010100?
100001010001
In base 8, what is 41 + 367645?
367706
In base 15, what is -162092 - -1?
-162091
In base 12, what is 25 - -162a?
1653
In base 16, what is ef + 1043?
1132
In base 15, what is 1e2897 - -3?
1e289a
In base 15, what is -5b46 + -15?
-5b5b
In base 13, what is -684 - 1024?
-16a8
In base 2, what is -10 + 10000011011101?
10000011011011
In base 5, what is -431 + 444?
13
In base 14, what is 4 + -18ccc?
-18cc8
In base 10, what is -7 - -405777?
405770
In base 6, what is -15421 + 14431?
-550
In base 4, what is 2 + 130213332?
130220000
In base 16, what is 21cf + -b?
21c4
In base 2, what is -100 + 100001111110000100?
100001111110000000
In base 2, what is -11011 - -11101100?
11010001
In base 11, what is 53 + -5689?
-5636
In base 14, what is -449 - -1d84?
1939
In base 5, what is 400 + -322?
23
In base 14, what is b979 + b?
b986
In base 15, what is 3 + -13d3?
-13d0
In base 13, what is -308b7 - 15?
-308cc
In base 5, what is 11440 - -1424?
13414
In base 2, what is -10000101001101010 - 0?
-10000101001101010
In base 12, what is -11 + 3997b?
3996a
In base 4, what is -1312201 + -2?
-1312203
In base 6, what is 111342 - -132?
111514
In base 5, what is 10011 + 13431?
23442
In base 14, what is 3 + -613c?
-6139
In base 11, what is -326a + -44?
-3303
In base 11, what is -2a - -1357?
1328
In base 16, what is -66c - 4?
-670
In base 2, what is 11 + 1001001011010111?
1001001011011010
In base 11, what is 494 - -29?
512
In base 11, what is -79 + 16a03?
16935
In base 3, what is 21 + -10010122?
-10010101
In base 7, what is -335151 + -2?
-335153
In base 10, what is -9471 + 34?
-9437
In base 5, what is 1 + -333413?
-333412
In base 13, what is -820 + -81?
-8a1
In base 14, what is -2 + -6c80?
-6c82
In base 10, what is 34172 + -3?
34169
In base 8, what is -63 - -5226?
5143
In base 10, what is -8941 - 3?
-8944
In base 2, what is 10100000010101 - 1011?
10100000001010
In base 3, what is -100 - 12000012?
-12000112
In base 8, what is 14 + -345?
-331
In base 15, what is -5 - -331c?
3317
In base 2, what is -1001010 + -111011000010?
-111100001100
In base 12, what is 5999 + 13?
59b0
In base 16, what is -12 + -425?
-437
In base 2, what is -10010000 + -11101001?
-101111001
In base 15, what is -3 - 2280d?
-22811
In base 3, what is -10201022211 + -10?
-10201022221
In base 14, what is -1a176 + 18?
-1a15c
In base 8, what is -20 - 1060?
-1100
In base 3, what is -101020102 - 20?
-101020122
In base 12, what is -1 + 25509a?
255099
In base 8, what is -26157 - -13?
-26144
In base 10, what is -2 - -3401?
3399
In base 6, what is 224013 + -1022?
222551
In base 11, what is -6 - -5575a?
55754
In base 4, what is 111200320030 + -11?
111200320013
In base 9, what is -3552 + -31?
-3583
In base 8, what is 2 + -11624?
-11622
In base 7, what is 0 - 165116?
-165116
In base 5, what is -13003000 - 103?
-13003103
In base 11, what is -71203 - -1?
-71202
In base 13, what is 3 - -1aaac?
1aab2
In base 4, what is -2 + 30223310?
30223302
In base 13, what is -2 + -33029?
-3302b
In base 4, what is -1230123232 - 0?
-1230123232
In base 5, what is 1212 - -1?
1213
In base 16, what is -eb + -3151?
-323c
In base 11, what is -20 + 96a52?
96a32
In base 7, what is 615 - -31105?
32023
In base 12, what is -587 - 2b?
-5b6
In base 2, what is 1011010110010011 + 11?
1011010110010110
In base 3, what is -1121100001 - -11?
-1121022220
In base 6, what is 12021 + 54?
12115
In base 4, what is 2 + 312012321?
312012323
In base 13, what is -4b4 + 51?
-463
In base 15, what is 2d - dca6?
-dc78
In base 8, what is -413266 - -3?
-413263
In base 6, what is -15 - 15123?
-15142
In base 7, what is 2 - 40251?
-40246
In base 15, what is -1ebad - 2?
-1ebb0
In base 11, what is 1 - -68045?
68046
In base 10, what is -97865 + 16?
-97849
In base 2, what is 1 + -10011110110001?
-10011110110000
In base 12, what is -20699 - 23?
-20700
In base 15, what is -1 + 99d?
99c
In base 16, what is -5ff - b57?
-1156
In base 2, what is -1111001 - -1001010110010?
1001000111001
In base 5, what is -2044 + -43423?
-101022
In base 13, what is 2017 + -b2?
1c35
In base 4, what is 113203 + 30?
113233
In base 6, what is -505535 + 11?
-505524
In base 6, what is -10335021 - 0?
-10335021
In base 12, what is -77990 + -9?
-77999
In base 13, what is -4 - -19a401?
19a3ca
In base 8, what is -12 + -7042?
-7054
In base 5, what is -4334 - 0?
-4334
In base 11, what is -20775a - 1?
-207760
In base 14, what is cab + -337?
974
In base 3, what is -100102 + 1001010?
200201
In base 12, what is -6278 - -53?
-6225
In base 5, what is -131003 - 203?
-131211
In base 11, what is -49 - 1577?
-1615
In base 3, what is 0 - 11211222212?
-11211222212
In base 6, what is 340020 + 22?
340042
In base 13, what is 1 - -10814?
10815
In base 4, what is -2223232 + 313?
-2222313
In base 15, what is -1 + -2e466?
-2e467
In base 7, what is -2 - -16125?
16123
In base 7, what is 43032 + 1?
43033
In base 10, what is -5 + 28927?
28922
In base 5, what is -3 + 11120402?
11120344
In base 14, what is 1cd1a - -7?
1cd23
In base 15, what is 146ab + -1?
146aa
In base 2, what is -110011110 + -110010110?
-1100110100
In base 11, what is -4 - -294648?
294644
In base 12, what is -4 - 9293?
-9297
In base 12, what is -2b4 + 2b?
-285
In base 15, what is -4424c + -4?
-44251
In base 3, what is -21112202 + -1111?
-21121020
In base 8, what is -125112 - -15?
-125075
In base 4, what is -3000 + 10033?
1033
In base 3, what is 2202 + 21102?
101011
In base 14, what is -2 - -6022?
6020
In base 7, what is 3 + 2201514?
2201520
In base 9, what is 8 - 347813?
-347804
In base 2, what is -11 + 101100100011100101?
101100100011100010
In base 11, what is 4840 - 799?
4052
In base 10, what is -635 + 698?
63
In base 8, what is 236 - 1124?
-666
In base 13, what is 88b38 - -4?
88b3c
In base 15, what is -3 + -35bb?
-35be
In base 8, what is -1216377 + 3?
-1216374
In base 9, what is 2462 - 248?
2213
In base 2, what is -1001010110011010100001 + 100?
-1001010110011010011101
In base 16, what is 4 - -97cb?
97cf
In base 13, what is 4 + 17ab57?
17ab5b
In base 16, what is 0 - 802b3?
-802b3
In base 5, what is 3041243 + -3?
3041240
In base 9, what is -215615 - 0?
-215615
In base 6, what is 1423 - 202?
1221
In base 8, what is -22 - -1227?
1205
In base 13, what is -415 - -1b79?
1764
In base 8, what is 75740 + 3?
75743
In base 7, what is 4 - 21130?
-21123
In base 10, what is 155632 - -45?
155677
In base 2, what is 10100100 - 1011101?
1000111
In base 16, what is 5 - 2545b?
-25456
In base 9, what is 681 + 2383?
3174
In base 12, what is -119 + 254?
137
In base 11, what is -1 + a379?
a378
In base 15, what is 545c + 34?
5491
In base 12, what is 9719 - b?
970a
In base 15, what is -3 + 72b5?
72b2
In base 5, what is 1 + -22223412?
-22223411
In base 10, what is 529 + -5893?
-5364
In base 12, what is -1133 + 23?
-1110
In base 15, what is -21 - -1e0?
1be
In base 13, what is 6743c4 - 1?
6743c3
In base 7, what is 510514 - -4?
510521
In base 7, what is 250413 - 2?
250411
In base 7, what is 10110645 - -2?
10110650
In base 2, what is -10101111 + 1010110101010?
1010011111011
In base 15, what is 32 + 1079?
10ab
In base 2, what is 1011000011 - 110011011010?
-101000010111
In base 2, what is -1001110 - 111000100000?
-111001101110
In base 6, what is 243 + -2104?
-1421
In base 9, what is -322 - -26557?
26235
In base 2, what is -101001 + -10100?
-111101
In base 11, what is -41 - 7a5?
-836
In base 6, what is -3224 + 1051?
-2133
In base 5, what is -101120 + 141?
-100424
In base 6, what is 215 + 520?
1135
In base 2, what is 1000 + 100000011100100?
100000011101100
In base 7, what is -110240 - -235?
-110002
In base 8, what is 3003 - -21?
3024
In base 11, what is -321a6 + -7?
-32202
In base 2, what is 110 + -1011000010111?
-1011000010001
In base 12, what is 37052 + 2?
37054
In base 16, what is -a0b2 + -28?
-a0da
In base 8, what is -1602 - -6?
-1574
In base 7, what is 2414 - -13602?
16316
In base 13, what is 4 - -7863?
78